 tens digit of a(0)?
3
Let w(h) = h**2 - 3*h + 3. Let x be w(3). Suppose t - 10 = -u, -4*t + 20 = x*u - u. What is the units digit of u?
0
Let h = -3 + 5. Suppose -a + 12 = -h. Suppose -c + a = c. What is the units digit of c?
7
Suppose 3*c - c = 2. Let x(o) = -o**3 + o**2 + o - 1. Let j be x(c). Suppose j = -4*d + 8*d - 28. What is the units digit of d?
7
Suppose 0 = -m - 4*o + 207, 7*m - 6*m = -5*o + 205. What is the tens digit of m?
1
Let z be (872/12)/(4/6). Suppose 2*p - p - 21 = -f, -4*p + f + z = 0. What is the units digit of p?
6
Let o = -131 + 196. What is the tens digit of o?
6
Let v(y) = y - 14. What is the units digit of v(18)?
4
Suppose 0 - 10 = 3*i + 2*m, -4*m + 12 = -2*i. What is the units digit of 45/(-6)*i/5?
6
What is the tens digit of 3*97 - (-2 + -5 + 7)?
9
Suppose 4*h - 48 = -i - 4*i, 0 = i + 4*h. What is the tens digit of 2 + 3/(-1) + i?
1
Let h be ((-9)/18)/((-1)/(-12)). Let a be 1*2 + h + 16. Suppose -t = 2, -2*t + a = l - 3. What is the units digit of l?
9
Let u(g) = -g**3 + 5*g**2 - 3*g - 4. Let w be u(4). Suppose 2*a + 4 - 22 = w. Let j(x) = x + 4. What is the units digit of j(a)?
3
Suppose -c + 0*g = -3*g - 16, 5*c - 3*g - 44 = 0. Let i be 2/(-1) - c*-2. Let p = i + -5. What is the units digit of p?
7
Suppose 7*i = 3*i. Suppose 4*p + 1 - 5 = i. What is the units digit of (p/3)/((-5)/(-135))?
9
Let l be (-3)/(-9) - (-2)/(-6). Let t be (4 - l)*(-2)/(-4). Let v = 8 - t. What is the units digit of v?
6
Let o = -42 - -109. Suppose 120 = 5*q + 5*n, -3*q = -3*n + n - o. Suppose -q = -3*p + 16. What is the units digit of p?
3
Suppose j = 3*j - 22. Suppose -2 = -2*y + 6. Suppose y*t - 1 = j. What is the units digit of t?
3
Let b(k) = 5*k**3 + 2*k**2 + 3*k + 2. Let d be b(-2). Let v = -25 - d. Suppose o - 15 = -i, 3*o + 9 = 2*i - v. What is the units digit of i?
3
Let y(d) = 2*d**2 - d. Let v be y(-1). Let w(k) = k**2 - 4*k. Let i be w(6). Let x = i - v. What is the units digit of x?
9
What is the units digit of 111/(148/(-32) + 5)?
6
Suppose -2*d + i = 47, -3*d - 3*i - 27 = -d. Let j = d - -31. What is the tens digit of j?
1
Let j(n) = -67*n - 6. What is the tens digit of j(-1)?
6
Let j = -72 + 125. What is the units digit of j?
3
Suppose -8*p - 126 = -11*p. What is the units digit of p?
2
Let k(g) = -2*g**2 - 4*g. Let m be k(-3). Let q be 8/3 - (-4)/m. What is the units digit of (7/(-3))/(q/(-6))?
7
Suppose 6*p - 10 = 3*c + 4*p, 2*p + 20 = -2*c. Let n(u) = u**2 - 5*u + 3. Let s be n(3). What is the units digit of (1/1)/(s/c)?
2
Let h = 0 - -2. Suppose 0 = -y + 3*y - 84. What is the units digit of h/10 + y/15?
3
Suppose -b + 5*r = -14, 5*b + r = 6*r + 30. Suppose 12 = -b*x + 52. What is the tens digit of x?
1
Let l(k) = k**3 + 8*k**2. Let d be (0/3)/3 - 7. Let y be l(d). Let q = -33 + y. What is the tens digit of q?
1
Let q(v) be the third derivative of v**5/60 + 5*v**4/24 - v**3/3 - v**2. Let a be q(-6). Let m = a - 3. What is the units digit of m?
1
Let c(n) = n**2 + 8*n - 5. Let h be c(-9). Suppose r - h - 5 = 0. What is the units digit of r?
9
Let c be 4/(-14) - (-88)/14. Suppose 0*k = -4*k, -k - c = -h. What is the units digit of h?
6
Let q(s) = s**3 + 2*s**2 - 3*s + 3. What is the units digit of q(3)?
9
Suppose 6*q - 2*i = q + 268, 3*q - 159 = 3*i. What is the units digit of (-12)/q + (-290)/(-9)?
2
Let z(c) = 2*c - 5. Let o be z(4). Suppose -o*r + 4*r = 9. What is the units digit of r?
9
Suppose 5*p = 29 + 136. What is the units digit of p?
3
Suppose -k + 5*k - 156 = 0. Suppose 4*q - 57 = -3*b, q - 5*b + k = 3*q. What is the units digit of q?
2
Let f(g) = g**2 - 3*g + 3. Let z be f(3). Suppose -3*m = -z, -4*y - 2*m + 10 = -4. What is the units digit of y?
3
Let t = 39 + -18. Let g(r) = r**3 - 5*r**2 + 2. Let h be g(2). Let z = h + t. What is the tens digit of z?
1
Suppose 3 = -0*b - 3*b. What is the tens digit of (-33)/(-3) - (-1 - b)?
1
Let f be (-2)/(-4) + 24/16. Suppose -3*m - a + 27 = f*a, a = 3. Suppose x - m*x + 5 = 0. What is the units digit of x?
1
Suppose 0 = 5*v - 57 + 17. Suppose 5*g + 80 = -4*s, -6*g = -4*g + v. What is the units digit of (-9)/s + 2/5?
1
Let x be (1*(5 - 1))/2. Let w(b) = -b**2 + 6*b. Let g be w(5). Suppose x*p = p + g. What is the units digit of p?
5
Let s be 8*(-1 - (-26)/8). Suppose 0 = -5*k + 10 + 40. Let a = s - k. What is the units digit of a?
8
Let b = 7 - 5. Let y(v) = -v**b - 2*v**2 + 4*v**2 - 2 - 2 + v. What is the units digit of y(3)?
8
Let y(b) = -5*b + 7. Let r be y(5). Let n = r - -38. Let f = 30 - n. What is the units digit of f?
0
Let l = 14 + 12. What is the tens digit of l?
2
Let y(m) = 15*m**3 - 2*m**2 + 2. What is the tens digit of y(2)?
1
Let g = 21 - 13. Suppose 6*o + 10 = g*o. Let q(l) = l**2 - 2*l + 4. What is the tens digit of q(o)?
1
Suppose -4*m = 2*q + 22, 7*m = -q + 3*m - 19. What is the units digit of 1/(390/129 + q)?
3
Suppose -3*i - 44 = -5*w + 14, i = w - 18. Let p = -6 - i. What is the units digit of p?
0
Let s be (-16)/1*5/(-10). Let c be (-2)/s + (-18)/(-8). What is the units digit of (-1)/(c*3/(-30))?
5
Suppose -10*i + 27 = -393. What is the units digit of i?
2
Suppose 0*r = -2*r + 6. Suppose -r*a - 9 = -4*a. What is the units digit of a?
9
Let x be (16/(-12))/((-4)/6). Suppose -5*j = x*z - 73, 6*z - j = 2*z + 91. What is the tens digit of z?
2
Let k = -4 + 5. Let y be (-3 + k)*36/3. What is the units digit of ((-1)/1)/(4/y)?
6
Suppose -2*u = -8 - 6. Let a = u - 6. What is the units digit of a?
1
Suppose 31 = f + 4. What is the units digit of f?
7
Let a = 577 - 363. What is the units digit of a?
4
Let k = 0 + 4. Let r(u) = 4*u - 1. What is the tens digit of r(k)?
1
Suppose -4*m = -4*t + t + 613, 0 = -3*t + 2*m + 605. What is the hundreds digit of t?
1
Let r(q) = q**3 - 2*q**2 + 2*q - 1. Let u be r(2). Suppose 2*b = k - 5, 0*k + 5*k = -u*b - 1. Suppose v = -k + 10. What is the units digit of v?
9
Let c = 75 - -53. What is the tens digit of c?
2
Let m = -2 + 8. Suppose 0 = h - 2*d - m, -3*d = 4*h + d. What is the units digit of (h/(-4))/((-2)/16)?
4
Let f be -2 + 2/3*3. What is the units digit of (f - -1)/(1/6)?
6
Suppose 6*u - 2*u - 8 = 0. Suppose -j = -u - 8. What is the tens digit of j?
1
Let c = 113 + -92. What is the units digit of c?
1
Suppose 2*d + 3*d - 55 = 0. What is the units digit of d?
1
Let t(v) = v**3 - 13*v**2 - 15*v + 19. Let p = -5 - -19. What is the units digit of t(p)?
5
Suppose -2*y - 65 = -3*y. What is the units digit of y?
5
Let b = 27 + -15. Suppose c = -3*c - b. Let w = c - -7. What is the units digit of w?
4
What is the tens digit of 898/10 + 6 + 145/(-25)?
9
Suppose -2*c = -7*c + 2*l + 27, 0 = -3*c + 3*l + 18. Suppose w - c*w + 2*r + 18 = 0, 0 = 3*w - 5*r + 4. What is the units digit of w?
7
What is the units digit of -3 - (-108)/(-1 + 4)?
3
Let j = 82 - 46. Let s = -26 + j. What is the units digit of s?
0
What is the tens digit of 343/7 - (2 + 0)?
4
Let x(r) = 17*r + 5. What is the hundreds digit of x(20)?
3
Let i(x) = 12 - 1 - 8*x - x**3 + x**2 - 10*x**2. What is the units digit of i(-8)?
1
Suppose -9 = -t - 3*v, 3*v = 4*t + 2*v - 75. What is the units digit of t?
8
Suppose 2*f - 6 = -0*f. Suppose 0 = 2*z + f*z - 65. What is the units digit of z?
3
Let j(b) = 3*b**3 + 2*b**2 - b + 1. Let l be j(-2). Let a = l - -25. What is the units digit of a?
2
Let t = -29 - -12. Let n be t/(-4) - 1/4. Suppose -4 = -4*u + n. What is the units digit of u?
2
Suppose 0 = z - 2*o - 3*o + 25, -3*z - 3*o = -15. Let j be (-36)/6*4/(-2). Suppose 5*n - n - j = z. What is the units digit of n?
3
Let f = -5 - -7. Let v(n) = 7*n + 2. What is the units digit of v(f)?
6
Suppose x + 4*x + k = -7, -5*k = 10. Let j(v) = -8*v - 1. Let n be j(x). Suppose -3*z - 4*q = -24, -2*z = -n*z + 2*q + 14. What is the units digit of z?
4
Let l(g) = 15*g + 6. What is the tens digit of l(5)?
8
Let g be ((-8)/(-6))/(28/42). What is the units digit of -3 + (-2 - g) + 19?
2
Suppose 4 + 11 = -5*w - 2*m, -2*w - m - 7 = 0. Let a be (2 + -4)*(w - 0). What is the units digit of 3/(-6)*a*-4?
4
Let f = 76 + -35. What is the tens digit of f?
4
Let q(d) = -4*d - 2 + 3*d + 14 - d. Let u be q(-9). Suppose -2*m + 0*m + u = 0. What is the tens digit of m?
1
What is the units digit of (-48)/(-18)*6/4?
4
Suppose -8 + 0 = -2*m. Suppose 3*j = j + 6, 0 = -x + m*j - 18. Let n = 6 - x. Wha